ctor of 3509?
False
Does 5 divide 1530?
True
Is 4921 a multiple of 11?
False
Is 3962 a multiple of 54?
False
Is 90 a factor of 4770?
True
Is 522 a multiple of 18?
True
Is 45 a factor of 540?
True
Is 1610 a multiple of 35?
True
Is 114 a factor of 19846?
False
Is 36158 a multiple of 358?
True
Does 6 divide 114?
True
Does 67 divide 792?
False
Is 610 a multiple of 20?
False
Is 35 a factor of 8297?
False
Is 88384 a multiple of 32?
True
Is 60 even?
True
Is 10448 a multiple of 98?
False
Is 14 a factor of 949?
False
Is 132379 a multiple of 61?
False
Does 44 divide 2288?
True
Is 18 a factor of 15966?
True
Is 4758 a multiple of 61?
True
Does 163 divide 10644?
False
Is 22217 a multiple of 13?
True
Does 7 divide 7483?
True
Is 43184 a multiple of 16?
True
Is 252 a multiple of 28?
True
Is 7 a factor of 911?
False
Is 16 a factor of 20272?
True
Is 1529 a multiple of 11?
True
Is 1552 a multiple of 22?
False
Is 10291 a multiple of 24?
False
Does 40 divide 23489?
False
Does 56 divide 12320?
True
Is 18 a factor of 20592?
True
Is 104 a multiple of 5?
False
Is 89666 a multiple of 119?
False
Is 3770 a multiple of 10?
True
Is 5 a factor of 522?
False
Does 113 divide 5085?
True
Is 14 a factor of 588?
True
Is 22 a factor of 518?
False
Is 31 a factor of 403?
True
Is 17 a factor of 1896?
False
Is 58 a factor of 129804?
True
Does 73 divide 6857?
False
Is 67 a factor of 1675?
True
Does 22 divide 5170?
True
Does 32 divide 6023?
False
Does 40 divide 4136?
False
Is 336 a multiple of 12?
True
Is 6 a factor of 283?
False
Is 57 a multiple of 57?
True
Is 12 a factor of 12761?
False
Does 9 divide 19260?
True
Is 13 a factor of 125?
False
Does 3 divide 1242?
True
Is 72 a multiple of 9?
True
Is 61453 a multiple of 38?
False
Is 44 a factor of 28661?
False
Is 13 a factor of 1802?
False
Is 6256 a multiple of 46?
True
Is 74 a factor of 370?
True
Does 126 divide 9950?
False
Does 61 divide 1891?
True
Does 18 divide 774?
True
Is 18 a factor of 11250?
True
Is 385 a multiple of 35?
True
Is 436 a multiple of 17?
False
Does 17 divide 1190?
True
Is 34 a factor of 20706?
True
Is 159 a multiple of 8?
False
Is 228 a multiple of 27?
False
Is 1972 a multiple of 68?
True
Does 29 divide 6061?
True
Does 24 divide 40128?
True
Does 71 divide 2815?
False
Is 89 a factor of 5903?
False
Is 3241 a multiple of 4?
False
Is 31987 a multiple of 4?
False
Is 9 a factor of 1325?
False
Does 2 divide 112?
True
Does 13 divide 10560?
False
Is 351 a multiple of 2?
False
Does 11 divide 516?
False
Is 805 a multiple of 40?
False
Is 268 a multiple of 5?
False
Is 15 a factor of 94?
False
Is 6 a factor of 133?
False
Does 4 divide 13412?
True
Is 15763 a multiple of 6?
False
Does 54 divide 1026?
True
Is 110 a factor of 330?
True
Is 32179 a multiple of 14?
False
Does 55 divide 11924?
False
Is 1946 a multiple of 139?
True
Is 1240 a multiple of 8?
True
Does 40 divide 1105?
False
Is 67 a factor of 654?
False
Is 48 a factor of 1282?
False
Does 24 divide 10296?
True
Is 10606 a multiple of 24?
False
Does 15 divide 14505?
True
Is 4 a factor of 384?
True
Is 2023 a multiple of 17?
True
Is 272 a factor of 50320?
True
Is 620 a multiple of 20?
True
Is 80 a multiple of 27?
False
Is 14478 a multiple of 127?
True
Does 10 divide 657?
False
Is 1035 a multiple of 44?
False
Does 27 divide 594?
True
Is 39 a factor of 234?
True
Does 192 divide 3072?
True
Is 15 a factor of 37245?
True
Does 3 divide 4108?
False
Does 325 divide 96898?
False
Is 169526 a multiple of 438?
False
Is 5385 a multiple of 15?
True
Does 34 divide 68?
True
Is 3374 a multiple of 6?
False
Does 22 divide 3359?
False
Is 16328 a multiple of 17?
False
Is 675 a multiple of 3?
True
Is 70 a factor of 2119?
False
Is 10 a factor of 770?
True
Is 4094 a multiple of 11?
False
Does 12 divide 26888?
False
Is 54 a factor of 18360?
True
Does 182 divide 11832?
False
Is 3699 a multiple of 3?
True
Is 39331 a multiple of 429?
False
Is 80 a factor of 50000?
True
Does 17 divide 8458?
False
Is 4392 a multiple of 36?
True
Is 3186 a multiple of 19?
False
Does 63 divide 2646?
True
Is 702 a multiple of 6?
True
Does 290 divide 59740?
True
Is 29 a factor of 41029?
False
Is 864 a multiple of 24?
True
Does 58 divide 2610?
True
Does 5 divide 1895?
True
Does 33 divide 6904?
False
Is 43 a factor of 5703?
False
Is 27 a factor of 14148?
True
Is 17 a factor of 1656?
False
Does 15 divide 172?
False
Does 10 divide 30433?
False
Does 35 divide 7805?
True
Does 6 divide 202?
False
Is 192 a multiple of 25?
False
Is 218 a factor of 5886?
True
Is 10608 a multiple of 24?
True
Is 141 a multiple of 9?
False
Does 390 divide 65910?
True
Is 20 a factor of 30920?
True
Is 68 a multiple of 6?
False
Is 280 a multiple of 28?
True
Is 184 a multiple of 78?
False
Is 30 a factor of 4590?
True
Does 27 divide 594?
True
Does 4 divide 284?
True
Does 378 divide 87917?
False
Is 28 a factor of 6757?
False
Does 58 divide 2320?
True
Is 12066 a multiple of 324?
False
Is 35 a factor of 26053?
False
Is 1080 a multiple of 10?
True
Is 7513 a multiple of 11?
True
Is 33 a multiple of 33?
True
Does 159 divide 640?
False
Is 29 a factor of 18589?
True
Is 50 a multiple of 25?
True
Is 30 a factor of 1072?
False
Does 81 divide 18117?
False
Does 60 divide 54455?
False
Is 38 a factor of 1787?
False
Does 132 divide 39732?
True
Is 31 a factor of 2046?
True
Is 3 a factor of 105?
True
Is 19 a factor of 20909?
False
Is 24 a factor of 7813?
False
Is 35 a factor of 1943?
False
Does 5 divide 255?
True
Is 7098 a multiple of 169?
True
Does 14 divide 6427?
False
Is 139 a factor of 3729?
False
Is 571 a multiple of 6?
False
Is 8311 a multiple of 80?
False
Is 75 a multiple of 25?
True
Is 59 a factor of 7475?
False
Is 32 a factor of 675?
False
Does 38 divide 26979?
False
Is 10010 a multiple of 10?
True
Does 74 divide 359?
False
Is 23226 a multiple of 87?
False
Does 15 divide 615?
True
Is 77 a multiple of 32?
False
Is 6456 a multiple of 6?
True
Does 63 divide 61740?
True
Is 83 a factor of 420?
False
Does 68 divide 2108?
True
Is 91 a factor of 2184?
True
Is 52 a factor of 57772?
True
Is 72 a factor of 3818?
False
Is 4032 a multiple of 96?
True
Is 60 a factor of 960?
True
Is 16 a factor of 112?
True
Is 7 a factor of 504?
True
Does 12 divide 650?
False
Does 24 divide 216?
True
Does 5 divide 664?
False
Is 123 a multiple of 6?
False
Is 14510 a multiple of 8?
False
Does 22 divide 1962?
False
Is 39 a factor of 20709?
True
Does 18 divide 5562?
True
Is 8 a factor of 304?
True
Is 52 a factor of 34697?
False
Is 308 a multiple of 44?
True
Does 47 divide 28341?
True
Is 324 a multiple of 10?
False
Does 77 divide 1848?
True
Is 27642 a multiple of 34?
True
Does 7 divide 202?
False
Does 42 divide 40080?
False
Is 139518 a multiple of 9?
True
Is 4 a factor of 264?
True
Is 119 a factor of 51289?
True
Is 6187 a multiple of 187?
False
Is 23 a factor of 19596?
True
Is 40 a factor of 2920?
True
Is 12 a factor of 180?
True
Is 2227 a multiple of 8?
False
Is 6 a factor of 6592?
False
Does 29 divide 1566?
True
Is 27 a factor of 2826?
False
Does 39 divide 3276?
True
Is 17 a factor of 1055?
False
Is 6 a factor of 6?
True
Does 13 divide 1170?
True
Is 92 a factor of 8832?
True
Is 31 a factor of 434?
True
Does 72 divide 14084?
False
Is 33 a factor of 12639?
True
Is 1472 a multiple of 16?
True
Is 89 a factor of 2329?
False
Does 27 divide 432?
True
Does 12 divide 240?
True
Is 30282 a multiple of 12?
False
Is 7 a factor of 286?
False
Does 45 divide 5535?
True
Is 17 a factor of 22100?
True
Is 16 a factor of 17968?
True
Is 325 a factor of 15073?
False
Is 26 a factor of 1462?
False
Does 46 divide 2070?
True
Is 264 a multiple of 73?
False
Is 1575 a multiple of 45?
True
Is 2 a factor of 554?
True
Does 29 divide 3654?
True
Does 52 divide 592?
False
Is 2858 a multiple of 141?
False
Does 20 divide 1047?
False
Is 129920 a multiple of 35?
True
Does 30 divide 2520?
True
Does 16 divide 420?
False
Is 195 a multiple of 15?
True
Does 24 divide 25807?
False
Does 8 divide 14706?
False
Is 53 a multiple of 28?
False
Does 17 divide 2975?
True
Is 2528 a multiple of 32?
True
Is 247 a factor of 7745?
False
Does 11 divide 6438?
False
Does 30 divide 570?
True
Is 35 a factor of 59570?
True
Is 2 a factor of 630?
True
Does 15 divide 5269?
False
Is 3680 a multiple of 5?
True
Is 103 a factor of 6798?
True
Is 22 a factor of 4095?
False
Is 106 